[INFO] cloning repository https://github.com/crome110/iiif-manga-viewer-frontend
[INFO] running `Command { std: "git" "-c" "credential.helper=" "-c" "credential.helper=/workspace/cargo-home/bin/git-credential-null" "clone" "--bare" "https://github.com/crome110/iiif-manga-viewer-frontend" "/workspace/cache/git-repos/https%3A%2F%2Fgithub.com%2Fcrome110%2Fiiif-manga-viewer-frontend", kill_on_drop: false }`
[INFO] [stderr] Cloning into bare repository '/workspace/cache/git-repos/https%3A%2F%2Fgithub.com%2Fcrome110%2Fiiif-manga-viewer-frontend'...
[INFO] running `Command { std: "git" "rev-parse" "HEAD", kill_on_drop: false }`
[INFO] [stdout] 319a560bae3167a7a8d6de85ee9636c61e9a2a10
[INFO] checking crome110/iiif-manga-viewer-frontend against master#af3c6e733a40e671550e0f0f5aeecaa13772ba56 for pr-74989
[INFO] running `Command { std: "git" "clone" "/workspace/cache/git-repos/https%3A%2F%2Fgithub.com%2Fcrome110%2Fiiif-manga-viewer-frontend" "/workspace/builds/worker-12/source", kill_on_drop: false }`
[INFO] [stderr] Cloning into '/workspace/builds/worker-12/source'...
[INFO] [stderr] done.
[INFO] validating manifest of git repo https://github.com/crome110/iiif-manga-viewer-frontend on toolchain af3c6e733a40e671550e0f0f5aeecaa13772ba56
[INFO] running `Command { std: "/workspace/cargo-home/bin/cargo" "+af3c6e733a40e671550e0f0f5aeecaa13772ba56" "read-manifest" "--manifest-path" "Cargo.toml", kill_on_drop: false }`
[INFO] started tweaking git repo https://github.com/crome110/iiif-manga-viewer-frontend
[INFO] finished tweaking git repo https://github.com/crome110/iiif-manga-viewer-frontend
[INFO] tweaked toml for git repo https://github.com/crome110/iiif-manga-viewer-frontend written to /workspace/builds/worker-12/source/Cargo.toml
[INFO] crate git repo https://github.com/crome110/iiif-manga-viewer-frontend already has a lockfile, it will not be regenerated
[INFO] running `Command { std: "/workspace/cargo-home/bin/cargo" "+af3c6e733a40e671550e0f0f5aeecaa13772ba56" "fetch" "--locked" "--manifest-path" "Cargo.toml", kill_on_drop: false }`
[INFO] [stderr]     Blocking waiting for file lock on package cache
[INFO] running `Command { std: "docker" "create" "-v" "/var/lib/crater-agent-workspace/builds/worker-12/target:/opt/rustwide/target:rw,Z" "-v" "/var/lib/crater-agent-workspace/builds/worker-12/source:/opt/rustwide/workdir:ro,Z" "-v" "/var/lib/crater-agent-workspace/cargo-home:/opt/rustwide/cargo-home:ro,Z" "-v" "/var/lib/crater-agent-workspace/rustup-home:/opt/rustwide/rustup-home:ro,Z" "-e" "SOURCE_DIR=/opt/rustwide/workdir" "-e" "CARGO_TARGET_DIR=/opt/rustwide/target" "-e" "CARGO_HOME=/opt/rustwide/cargo-home" "-e" "RUSTUP_HOME=/opt/rustwide/rustup-home" "-w" "/opt/rustwide/workdir" "-m" "1610612736" "--user" "0:0" "--network" "none" "rustops/crates-build-env@sha256:d92eaeed33fa75130ca1ee6c8a01d1ffb62bac859dfdfb3450e3e5d1c0146529" "/opt/rustwide/cargo-home/bin/cargo" "+af3c6e733a40e671550e0f0f5aeecaa13772ba56" "metadata" "--no-deps" "--format-version=1", kill_on_drop: false }`
[INFO] [stdout] 21a1bd628fa8f32bb8f161a8a89e6fc0c6f4508ade6acee8b3dfb10d6dbd99d8
[INFO] [stderr] WARNING: Your kernel does not support swap limit capabilities or the cgroup is not mounted. Memory limited without swap.
[INFO] running `Command { std: "docker" "start" "-a" "21a1bd628fa8f32bb8f161a8a89e6fc0c6f4508ade6acee8b3dfb10d6dbd99d8", kill_on_drop: false }`
[INFO] running `Command { std: "docker" "inspect" "21a1bd628fa8f32bb8f161a8a89e6fc0c6f4508ade6acee8b3dfb10d6dbd99d8", kill_on_drop: false }`
[INFO] running `Command { std: "docker" "rm" "-f" "21a1bd628fa8f32bb8f161a8a89e6fc0c6f4508ade6acee8b3dfb10d6dbd99d8", kill_on_drop: false }`
[INFO] [stdout] 21a1bd628fa8f32bb8f161a8a89e6fc0c6f4508ade6acee8b3dfb10d6dbd99d8
[INFO] running `Command { std: "docker" "create" "-v" "/var/lib/crater-agent-workspace/builds/worker-12/target:/opt/rustwide/target:rw,Z" "-v" "/var/lib/crater-agent-workspace/builds/worker-12/source:/opt/rustwide/workdir:ro,Z" "-v" "/var/lib/crater-agent-workspace/cargo-home:/opt/rustwide/cargo-home:ro,Z" "-v" "/var/lib/crater-agent-workspace/rustup-home:/opt/rustwide/rustup-home:ro,Z" "-e" "SOURCE_DIR=/opt/rustwide/workdir" "-e" "CARGO_TARGET_DIR=/opt/rustwide/target" "-e" "CARGO_INCREMENTAL=0" "-e" "RUST_BACKTRACE=full" "-e" "RUSTFLAGS=--cap-lints=forbid" "-e" "CARGO_HOME=/opt/rustwide/cargo-home" "-e" "RUSTUP_HOME=/opt/rustwide/rustup-home" "-w" "/opt/rustwide/workdir" "-m" "1610612736" "--user" "0:0" "--network" "none" "rustops/crates-build-env@sha256:d92eaeed33fa75130ca1ee6c8a01d1ffb62bac859dfdfb3450e3e5d1c0146529" "/opt/rustwide/cargo-home/bin/cargo" "+af3c6e733a40e671550e0f0f5aeecaa13772ba56" "check" "--frozen" "--all" "--all-targets" "--message-format=json", kill_on_drop: false }`
[INFO] [stdout] 61bcb7ca1c70242537031b0a1ae9ba6b42ad26eeba5da13aa1ead8577986a805
[INFO] [stderr] WARNING: Your kernel does not support swap limit capabilities or the cgroup is not mounted. Memory limited without swap.
[INFO] running `Command { std: "docker" "start" "-a" "61bcb7ca1c70242537031b0a1ae9ba6b42ad26eeba5da13aa1ead8577986a805", kill_on_drop: false }`
[INFO] [stderr]    Compiling wasm-bindgen-shared v0.2.47
[INFO] [stderr]    Compiling bumpalo v2.5.0
[INFO] [stderr]    Compiling serde v1.0.94
[INFO] [stderr]    Compiling version_check v0.1.5
[INFO] [stderr]    Compiling rustc-demangle v0.1.15
[INFO] [stderr]    Compiling wasm-bindgen v0.2.47
[INFO] [stderr]    Compiling sourcefile v0.1.4
[INFO] [stderr]     Checking futures v0.1.28
[INFO] [stderr]    Compiling log v0.4.6
[INFO] [stderr]    Compiling backtrace-sys v0.1.30
[INFO] [stderr]    Compiling libc v0.2.58
[INFO] [stderr]    Compiling syn v0.15.39
[INFO] [stderr]    Compiling nom v4.2.3
[INFO] [stderr]    Compiling backtrace v0.3.32
[INFO] [stderr]    Compiling weedle v0.9.0
[INFO] [stderr]    Compiling wasm-bindgen-backend v0.2.47
[INFO] [stderr]    Compiling synstructure v0.10.2
[INFO] [stderr]    Compiling serde_derive v1.0.94
[INFO] [stderr]    Compiling failure_derive v0.1.5
[INFO] [stderr]    Compiling wasm-bindgen-macro-support v0.2.47
[INFO] [stderr]    Compiling failure v0.1.5
[INFO] [stderr]    Compiling wasm-bindgen-macro v0.2.47
[INFO] [stderr]    Compiling wasm-bindgen-webidl v0.2.47
[INFO] [stderr]    Compiling web-sys v0.3.24
[INFO] [stderr]     Checking serde_json v1.0.40
[INFO] [stderr]     Checking js-sys v0.3.24
[INFO] [stderr]     Checking console_error_panic_hook v0.1.6
[INFO] [stdout] error: return value of constructor must be a bare path
[INFO] [stdout]     --> /opt/rustwide/cargo-home/registry/src/github.com-1ecc6299db9ec823/js-sys-0.3.24/src/lib.rs:4444:13
[INFO] [stdout]      |
[INFO] [stdout] 4444 | /             /// The
[INFO] [stdout] 4445 | |             #[doc = $ctor]
[INFO] [stdout] 4446 | |             /// constructor creates an array of unsigned 8-bit integers.
[INFO] [stdout] 4447 | |             ///
[INFO] [stdout] ...    |
[INFO] [stdout] 4451 | |             #[wasm_bindgen(constructor)]
[INFO] [stdout] 4452 | |             pub fn new(constructor_arg: &JsValue) -> $name;
[INFO] [stdout]      | |___________________________________________________________^
[INFO] [stdout] ...
[INFO] [stdout] 4595 | / arrays! {
[INFO] [stdout] 4596 | |     /// `Int8Array()`
[INFO] [stdout] 4597 | |     /// https://developer.mozilla.org/en-US/docs/Web/JavaScript/Reference/Global_Objects/Int8Array
[INFO] [stdout] 4598 | |     Int8Array: i8,
[INFO] [stdout] ...    |
[INFO] [stdout] 4630 | |     Float64Array: f64,
[INFO] [stdout] 4631 | | }
[INFO] [stdout]      | |_- in this macro invocation
[INFO] [stdout]      |
[INFO] [stdout]      = note: this error originates in a macro (in Nightly builds, run with -Z macro-backtrace for more info)
[INFO] [stdout] 
[INFO] [stdout] 
[INFO] [stdout] error: return value of constructor must be a bare path
[INFO] [stdout]     --> /opt/rustwide/cargo-home/registry/src/github.com-1ecc6299db9ec823/js-sys-0.3.24/src/lib.rs:4454:13
[INFO] [stdout]      |
[INFO] [stdout] 4454 | /             /// An
[INFO] [stdout] 4455 | |             #[doc = $ctor]
[INFO] [stdout] 4456 | |             /// which creates an array with an internal buffer large
[INFO] [stdout] 4457 | |             /// enough for `length` elements.
[INFO] [stdout] ...    |
[INFO] [stdout] 4462 | |             #[wasm_bindgen(constructor)]
[INFO] [stdout] 4463 | |             pub fn new_with_length(length: u32) -> $name;
[INFO] [stdout]      | |_________________________________________________________^
[INFO] [stdout] ...
[INFO] [stdout] 4595 | / arrays! {
[INFO] [stdout] 4596 | |     /// `Int8Array()`
[INFO] [stdout] 4597 | |     /// https://developer.mozilla.org/en-US/docs/Web/JavaScript/Reference/Global_Objects/Int8Array
[INFO] [stdout] 4598 | |     Int8Array: i8,
[INFO] [stdout] ...    |
[INFO] [stdout] 4630 | |     Float64Array: f64,
[INFO] [stdout] 4631 | | }
[INFO] [stdout]      | |_- in this macro invocation
[INFO] [stdout]      |
[INFO] [stdout]      = note: this error originates in a macro (in Nightly builds, run with -Z macro-backtrace for more info)
[INFO] [stdout] 
[INFO] [stdout] 
[INFO] [stdout] error: return value of constructor must be a bare path
[INFO] [stdout]     --> /opt/rustwide/cargo-home/registry/src/github.com-1ecc6299db9ec823/js-sys-0.3.24/src/lib.rs:4465:13
[INFO] [stdout]      |
[INFO] [stdout] 4465 | /             /// An
[INFO] [stdout] 4466 | |             #[doc = $ctor]
[INFO] [stdout] 4467 | |             /// which creates an array with the given buffer but is a
[INFO] [stdout] 4468 | |             /// view starting at `byte_offset`.
[INFO] [stdout] ...    |
[INFO] [stdout] 4473 | |             #[wasm_bindgen(constructor)]
[INFO] [stdout] 4474 | |             pub fn new_with_byte_offset(buffer: &JsValue, byte_offset: u32) -> $name;
[INFO] [stdout]      | |_____________________________________________________________________________________^
[INFO] [stdout] ...
[INFO] [stdout] 4595 | / arrays! {
[INFO] [stdout] 4596 | |     /// `Int8Array()`
[INFO] [stdout] 4597 | |     /// https://developer.mozilla.org/en-US/docs/Web/JavaScript/Reference/Global_Objects/Int8Array
[INFO] [stdout] 4598 | |     Int8Array: i8,
[INFO] [stdout] ...    |
[INFO] [stdout] 4630 | |     Float64Array: f64,
[INFO] [stdout] 4631 | | }
[INFO] [stdout]      | |_- in this macro invocation
[INFO] [stdout]      |
[INFO] [stdout]      = note: this error originates in a macro (in Nightly builds, run with -Z macro-backtrace for more info)
[INFO] [stdout] 
[INFO] [stdout] 
[INFO] [stdout] error: return value of constructor must be a bare path
[INFO] [stdout]     --> /opt/rustwide/cargo-home/registry/src/github.com-1ecc6299db9ec823/js-sys-0.3.24/src/lib.rs:4476:13
[INFO] [stdout]      |
[INFO] [stdout] 4476 | /             /// An
[INFO] [stdout] 4477 | |             #[doc = $ctor]
[INFO] [stdout] 4478 | |             /// which creates an array with the given buffer but is a
[INFO] [stdout] 4479 | |             /// view starting at `byte_offset` for `length` elements.
[INFO] [stdout] ...    |
[INFO] [stdout] 4488 | |                 length: u32,
[INFO] [stdout] 4489 | |             ) -> $name;
[INFO] [stdout]      | |_______________________^
[INFO] [stdout] ...
[INFO] [stdout] 4595 | / arrays! {
[INFO] [stdout] 4596 | |     /// `Int8Array()`
[INFO] [stdout] 4597 | |     /// https://developer.mozilla.org/en-US/docs/Web/JavaScript/Reference/Global_Objects/Int8Array
[INFO] [stdout] 4598 | |     Int8Array: i8,
[INFO] [stdout] ...    |
[INFO] [stdout] 4630 | |     Float64Array: f64,
[INFO] [stdout] 4631 | | }
[INFO] [stdout]      | |_- in this macro invocation
[INFO] [stdout]      |
[INFO] [stdout]      = note: this error originates in a macro (in Nightly builds, run with -Z macro-backtrace for more info)
[INFO] [stdout] 
[INFO] [stdout] 
[INFO] [stdout] error: first argument of method must be a path
[INFO] [stdout]     --> /opt/rustwide/cargo-home/registry/src/github.com-1ecc6299db9ec823/js-sys-0.3.24/src/lib.rs:4496:32
[INFO] [stdout]      |
[INFO] [stdout] 4496 |               pub fn fill(this: &$name, value: $ty, start: u32, end: u32) -> $name;
[INFO] [stdout]      |                                  ^^^^^
[INFO] [stdout] ...
[INFO] [stdout] 4595 | / arrays! {
[INFO] [stdout] 4596 | |     /// `Int8Array()`
[INFO] [stdout] 4597 | |     /// https://developer.mozilla.org/en-US/docs/Web/JavaScript/Reference/Global_Objects/Int8Array
[INFO] [stdout] 4598 | |     Int8Array: i8,
[INFO] [stdout] ...    |
[INFO] [stdout] 4630 | |     Float64Array: f64,
[INFO] [stdout] 4631 | | }
[INFO] [stdout]      | |_- in this macro invocation
[INFO] [stdout]      |
[INFO] [stdout]      = note: this error originates in a macro (in Nightly builds, run with -Z macro-backtrace for more info)
[INFO] [stdout] 
[INFO] [stdout] 
[INFO] [stdout] error: first argument of method must be a path
[INFO] [stdout]     --> /opt/rustwide/cargo-home/registry/src/github.com-1ecc6299db9ec823/js-sys-0.3.24/src/lib.rs:4501:34
[INFO] [stdout]      |
[INFO] [stdout] 4501 |               pub fn buffer(this: &$name) -> ArrayBuffer;
[INFO] [stdout]      |                                    ^^^^^
[INFO] [stdout] ...
[INFO] [stdout] 4595 | / arrays! {
[INFO] [stdout] 4596 | |     /// `Int8Array()`
[INFO] [stdout] 4597 | |     /// https://developer.mozilla.org/en-US/docs/Web/JavaScript/Reference/Global_Objects/Int8Array
[INFO] [stdout] 4598 | |     Int8Array: i8,
[INFO] [stdout] ...    |
[INFO] [stdout] 4630 | |     Float64Array: f64,
[INFO] [stdout] 4631 | | }
[INFO] [stdout]      | |_- in this macro invocation
[INFO] [stdout]      |
[INFO] [stdout]      = note: this error originates in a macro (in Nightly builds, run with -Z macro-backtrace for more info)
[INFO] [stdout] 
[INFO] [stdout] 
[INFO] [stdout] error: first argument of method must be a path
[INFO] [stdout]     --> /opt/rustwide/cargo-home/registry/src/github.com-1ecc6299db9ec823/js-sys-0.3.24/src/lib.rs:4506:36
[INFO] [stdout]      |
[INFO] [stdout] 4506 |               pub fn subarray(this: &$name, begin: u32, end: u32) -> $name;
[INFO] [stdout]      |                                      ^^^^^
[INFO] [stdout] ...
[INFO] [stdout] 4595 | / arrays! {
[INFO] [stdout] 4596 | |     /// `Int8Array()`
[INFO] [stdout] 4597 | |     /// https://developer.mozilla.org/en-US/docs/Web/JavaScript/Reference/Global_Objects/Int8Array
[INFO] [stdout] 4598 | |     Int8Array: i8,
[INFO] [stdout] ...    |
[INFO] [stdout] 4630 | |     Float64Array: f64,
[INFO] [stdout] 4631 | | }
[INFO] [stdout]      | |_- in this macro invocation
[INFO] [stdout]      |
[INFO] [stdout]      = note: this error originates in a macro (in Nightly builds, run with -Z macro-backtrace for more info)
[INFO] [stdout] 
[INFO] [stdout] 
[INFO] [stdout] error: first argument of method must be a path
[INFO] [stdout]     --> /opt/rustwide/cargo-home/registry/src/github.com-1ecc6299db9ec823/js-sys-0.3.24/src/lib.rs:4512:33
[INFO] [stdout]      |
[INFO] [stdout] 4512 |               pub fn slice(this: &$name, begin: u32, end: u32) -> $name;
[INFO] [stdout]      |                                   ^^^^^
[INFO] [stdout] ...
[INFO] [stdout] 4595 | / arrays! {
[INFO] [stdout] 4596 | |     /// `Int8Array()`
[INFO] [stdout] 4597 | |     /// https://developer.mozilla.org/en-US/docs/Web/JavaScript/Reference/Global_Objects/Int8Array
[INFO] [stdout] 4598 | |     Int8Array: i8,
[INFO] [stdout] ...    |
[INFO] [stdout] 4630 | |     Float64Array: f64,
[INFO] [stdout] 4631 | | }
[INFO] [stdout]      | |_- in this macro invocation
[INFO] [stdout]      |
[INFO] [stdout]      = note: this error originates in a macro (in Nightly builds, run with -Z macro-backtrace for more info)
[INFO] [stdout] 
[INFO] [stdout] 
[INFO] [stdout] error: first argument of method must be a path
[INFO] [stdout]     --> /opt/rustwide/cargo-home/registry/src/github.com-1ecc6299db9ec823/js-sys-0.3.24/src/lib.rs:4519:36
[INFO] [stdout]      |
[INFO] [stdout] 4519 |               pub fn for_each(this: &$name, callback: &mut dyn FnMut($ty, u32, $name));
[INFO] [stdout]      |                                      ^^^^^
[INFO] [stdout] ...
[INFO] [stdout] 4595 | / arrays! {
[INFO] [stdout] 4596 | |     /// `Int8Array()`
[INFO] [stdout] 4597 | |     /// https://developer.mozilla.org/en-US/docs/Web/JavaScript/Reference/Global_Objects/Int8Array
[INFO] [stdout] 4598 | |     Int8Array: i8,
[INFO] [stdout] ...    |
[INFO] [stdout] 4630 | |     Float64Array: f64,
[INFO] [stdout] 4631 | | }
[INFO] [stdout]      | |_- in this macro invocation
[INFO] [stdout]      |
[INFO] [stdout]      = note: this error originates in a macro (in Nightly builds, run with -Z macro-backtrace for more info)
[INFO] [stdout] 
[INFO] [stdout] 
[INFO] [stdout] error: first argument of method must be a path
[INFO] [stdout]     --> /opt/rustwide/cargo-home/registry/src/github.com-1ecc6299db9ec823/js-sys-0.3.24/src/lib.rs:4524:34
[INFO] [stdout]      |
[INFO] [stdout] 4524 |               pub fn length(this: &$name) -> u32;
[INFO] [stdout]      |                                    ^^^^^
[INFO] [stdout] ...
[INFO] [stdout] 4595 | / arrays! {
[INFO] [stdout] 4596 | |     /// `Int8Array()`
[INFO] [stdout] 4597 | |     /// https://developer.mozilla.org/en-US/docs/Web/JavaScript/Reference/Global_Objects/Int8Array
[INFO] [stdout] 4598 | |     Int8Array: i8,
[INFO] [stdout] ...    |
[INFO] [stdout] 4630 | |     Float64Array: f64,
[INFO] [stdout] 4631 | | }
[INFO] [stdout]      | |_- in this macro invocation
[INFO] [stdout]      |
[INFO] [stdout]      = note: this error originates in a macro (in Nightly builds, run with -Z macro-backtrace for more info)
[INFO] [stdout] 
[INFO] [stdout] 
[INFO] [stdout] error: first argument of method must be a path
[INFO] [stdout]     --> /opt/rustwide/cargo-home/registry/src/github.com-1ecc6299db9ec823/js-sys-0.3.24/src/lib.rs:4529:39
[INFO] [stdout]      |
[INFO] [stdout] 4529 |               pub fn byte_length(this: &$name) -> u32;
[INFO] [stdout]      |                                         ^^^^^
[INFO] [stdout] ...
[INFO] [stdout] 4595 | / arrays! {
[INFO] [stdout] 4596 | |     /// `Int8Array()`
[INFO] [stdout] 4597 | |     /// https://developer.mozilla.org/en-US/docs/Web/JavaScript/Reference/Global_Objects/Int8Array
[INFO] [stdout] 4598 | |     Int8Array: i8,
[INFO] [stdout] ...    |
[INFO] [stdout] 4630 | |     Float64Array: f64,
[INFO] [stdout] 4631 | | }
[INFO] [stdout]      | |_- in this macro invocation
[INFO] [stdout]      |
[INFO] [stdout]      = note: this error originates in a macro (in Nightly builds, run with -Z macro-backtrace for more info)
[INFO] [stdout] 
[INFO] [stdout] 
[INFO] [stdout] error: first argument of method must be a path
[INFO] [stdout]     --> /opt/rustwide/cargo-home/registry/src/github.com-1ecc6299db9ec823/js-sys-0.3.24/src/lib.rs:4534:39
[INFO] [stdout]      |
[INFO] [stdout] 4534 |               pub fn byte_offset(this: &$name) -> u32;
[INFO] [stdout]      |                                         ^^^^^
[INFO] [stdout] ...
[INFO] [stdout] 4595 | / arrays! {
[INFO] [stdout] 4596 | |     /// `Int8Array()`
[INFO] [stdout] 4597 | |     /// https://developer.mozilla.org/en-US/docs/Web/JavaScript/Reference/Global_Objects/Int8Array
[INFO] [stdout] 4598 | |     Int8Array: i8,
[INFO] [stdout] ...    |
[INFO] [stdout] 4630 | |     Float64Array: f64,
[INFO] [stdout] 4631 | | }
[INFO] [stdout]      | |_- in this macro invocation
[INFO] [stdout]      |
[INFO] [stdout]      = note: this error originates in a macro (in Nightly builds, run with -Z macro-backtrace for more info)
[INFO] [stdout] 
[INFO] [stdout] 
[INFO] [stdout] error: first argument of method must be a path
[INFO] [stdout]     --> /opt/rustwide/cargo-home/registry/src/github.com-1ecc6299db9ec823/js-sys-0.3.24/src/lib.rs:4539:31
[INFO] [stdout]      |
[INFO] [stdout] 4539 |               pub fn set(this: &$name, src: &JsValue, offset: u32);
[INFO] [stdout]      |                                 ^^^^^
[INFO] [stdout] ...
[INFO] [stdout] 4595 | / arrays! {
[INFO] [stdout] 4596 | |     /// `Int8Array()`
[INFO] [stdout] 4597 | |     /// https://developer.mozilla.org/en-US/docs/Web/JavaScript/Reference/Global_Objects/Int8Array
[INFO] [stdout] 4598 | |     Int8Array: i8,
[INFO] [stdout] ...    |
[INFO] [stdout] 4630 | |     Float64Array: f64,
[INFO] [stdout] 4631 | | }
[INFO] [stdout]      | |_- in this macro invocation
[INFO] [stdout]      |
[INFO] [stdout]      = note: this error originates in a macro (in Nightly builds, run with -Z macro-backtrace for more info)
[INFO] [stdout] 
[INFO] [stdout] 
[INFO] [stdout] error[E0433]: failed to resolve: use of undeclared type or module `Int8Array`
[INFO] [stdout]     --> /opt/rustwide/cargo-home/registry/src/github.com-1ecc6299db9ec823/js-sys-0.3.24/src/lib.rs:4598:5
[INFO] [stdout]      |
[INFO] [stdout] 4598 |     Int8Array: i8,
[INFO] [stdout]      |     ^^^^^^^^^ use of undeclared type or module `Int8Array`
[INFO] [stdout] 
[INFO] [stdout] 
[INFO] [stdout] error[E0433]: failed to resolve: use of undeclared type or module `Int16Array`
[INFO] [stdout]     --> /opt/rustwide/cargo-home/registry/src/github.com-1ecc6299db9ec823/js-sys-0.3.24/src/lib.rs:4602:5
[INFO] [stdout]      |
[INFO] [stdout] 4602 |     Int16Array: i16,
[INFO] [stdout]      |     ^^^^^^^^^^ use of undeclared type or module `Int16Array`
[INFO] [stdout] 
[INFO] [stdout] 
[INFO] [stdout] error[E0433]: failed to resolve: use of undeclared type or module `Int32Array`
[INFO] [stdout]     --> /opt/rustwide/cargo-home/registry/src/github.com-1ecc6299db9ec823/js-sys-0.3.24/src/lib.rs:4606:5
[INFO] [stdout]      |
[INFO] [stdout] 4606 |     Int32Array: i32,
[INFO] [stdout]      |     ^^^^^^^^^^ use of undeclared type or module `Int32Array`
[INFO] [stdout] 
[INFO] [stdout] 
[INFO] [stdout] error[E0433]: failed to resolve: use of undeclared type or module `Uint8Array`
[INFO] [stdout]     --> /opt/rustwide/cargo-home/registry/src/github.com-1ecc6299db9ec823/js-sys-0.3.24/src/lib.rs:4610:5
[INFO] [stdout]      |
[INFO] [stdout] 4610 |     Uint8Array: u8,
[INFO] [stdout]      |     ^^^^^^^^^^ use of undeclared type or module `Uint8Array`
[INFO] [stdout] 
[INFO] [stdout] 
[INFO] [stdout] error[E0433]: failed to resolve: use of undeclared type or module `Uint8ClampedArray`
[INFO] [stdout]     --> /opt/rustwide/cargo-home/registry/src/github.com-1ecc6299db9ec823/js-sys-0.3.24/src/lib.rs:4614:5
[INFO] [stdout]      |
[INFO] [stdout] 4614 |     Uint8ClampedArray: u8,
[INFO] [stdout]      |     ^^^^^^^^^^^^^^^^^ use of undeclared type or module `Uint8ClampedArray`
[INFO] [stdout] 
[INFO] [stdout] 
[INFO] [stdout] error[E0433]: failed to resolve: use of undeclared type or module `Uint16Array`
[INFO] [stdout]     --> /opt/rustwide/cargo-home/registry/src/github.com-1ecc6299db9ec823/js-sys-0.3.24/src/lib.rs:4618:5
[INFO] [stdout]      |
[INFO] [stdout] 4618 |     Uint16Array: u16,
[INFO] [stdout]      |     ^^^^^^^^^^^ use of undeclared type or module `Uint16Array`
[INFO] [stdout] 
[INFO] [stdout] 
[INFO] [stdout] error[E0433]: failed to resolve: use of undeclared type or module `Uint32Array`
[INFO] [stdout]     --> /opt/rustwide/cargo-home/registry/src/github.com-1ecc6299db9ec823/js-sys-0.3.24/src/lib.rs:4622:5
[INFO] [stdout]      |
[INFO] [stdout] 4622 |     Uint32Array: u32,
[INFO] [stdout]      |     ^^^^^^^^^^^ use of undeclared type or module `Uint32Array`
[INFO] [stdout] 
[INFO] [stdout] 
[INFO] [stdout] error[E0433]: failed to resolve: use of undeclared type or module `Float32Array`
[INFO] [stdout]     --> /opt/rustwide/cargo-home/registry/src/github.com-1ecc6299db9ec823/js-sys-0.3.24/src/lib.rs:4626:5
[INFO] [stdout]      |
[INFO] [stdout] 4626 |     Float32Array: f32,
[INFO] [stdout]      |     ^^^^^^^^^^^^ use of undeclared type or module `Float32Array`
[INFO] [stdout] 
[INFO] [stdout] 
[INFO] [stdout] error[E0433]: failed to resolve: use of undeclared type or module `Float64Array`
[INFO] [stdout]     --> /opt/rustwide/cargo-home/registry/src/github.com-1ecc6299db9ec823/js-sys-0.3.24/src/lib.rs:4630:5
[INFO] [stdout]      |
[INFO] [stdout] 4630 |     Float64Array: f64,
[INFO] [stdout]      |     ^^^^^^^^^^^^ use of undeclared type or module `Float64Array`
[INFO] [stdout] 
[INFO] [stdout] 
[INFO] [stdout] error[E0412]: cannot find type `Int32Array` in this scope
[INFO] [stdout]    --> /opt/rustwide/cargo-home/registry/src/github.com-1ecc6299db9ec823/js-sys-0.3.24/src/lib.rs:604:37
[INFO] [stdout]     |
[INFO] [stdout] 604 |         pub fn notify(typed_array: &Int32Array, index: u32, count: u32) -> Result<u32, JsValue>;
[INFO] [stdout]     |                                     ^^^^^^^^^^ not found in this scope
[INFO] [stdout] 
[INFO] [stdout] 
[INFO] [stdout] error[E0412]: cannot find type `Int32Array` in this scope
[INFO] [stdout]    --> /opt/rustwide/cargo-home/registry/src/github.com-1ecc6299db9ec823/js-sys-0.3.24/src/lib.rs:640:35
[INFO] [stdout]     |
[INFO] [stdout] 640 |         pub fn wait(typed_array: &Int32Array, index: u32, value: i32) -> Result<JsString, JsValue>;
[INFO] [stdout]     |                                   ^^^^^^^^^^ not found in this scope
[INFO] [stdout] 
[INFO] [stdout] 
[INFO] [stdout] error[E0412]: cannot find type `Int32Array` in this scope
[INFO] [stdout]    --> /opt/rustwide/cargo-home/registry/src/github.com-1ecc6299db9ec823/js-sys-0.3.24/src/lib.rs:647:27
[INFO] [stdout]     |
[INFO] [stdout] 647 |             typed_array: &Int32Array,
[INFO] [stdout]     |                           ^^^^^^^^^^ not found in this scope
[INFO] [stdout] 
[INFO] [stdout] 
[INFO] [stdout] error[E0412]: cannot find type `Int8Array` in this scope
[INFO] [stdout]     --> /opt/rustwide/cargo-home/registry/src/github.com-1ecc6299db9ec823/js-sys-0.3.24/src/lib.rs:4598:5
[INFO] [stdout]      |
[INFO] [stdout] 4598 |     Int8Array: i8,
[INFO] [stdout]      |     ^^^^^^^^^ not found in this scope
[INFO] [stdout] 
[INFO] [stdout] 
[INFO] [stdout] error[E0412]: cannot find type `Int16Array` in this scope
[INFO] [stdout]     --> /opt/rustwide/cargo-home/registry/src/github.com-1ecc6299db9ec823/js-sys-0.3.24/src/lib.rs:4602:5
[INFO] [stdout]      |
[INFO] [stdout] 4602 |     Int16Array: i16,
[INFO] [stdout]      |     ^^^^^^^^^^ not found in this scope
[INFO] [stdout] 
[INFO] [stdout] 
[INFO] [stdout] error[E0412]: cannot find type `Int32Array` in this scope
[INFO] [stdout]     --> /opt/rustwide/cargo-home/registry/src/github.com-1ecc6299db9ec823/js-sys-0.3.24/src/lib.rs:4606:5
[INFO] [stdout]      |
[INFO] [stdout] 4606 |     Int32Array: i32,
[INFO] [stdout]      |     ^^^^^^^^^^ not found in this scope
[INFO] [stdout] 
[INFO] [stdout] 
[INFO] [stdout] error[E0412]: cannot find type `Uint8Array` in this scope
[INFO] [stdout]     --> /opt/rustwide/cargo-home/registry/src/github.com-1ecc6299db9ec823/js-sys-0.3.24/src/lib.rs:4610:5
[INFO] [stdout]      |
[INFO] [stdout] 4610 |     Uint8Array: u8,
[INFO] [stdout]      |     ^^^^^^^^^^ not found in this scope
[INFO] [stdout] 
[INFO] [stdout] 
[INFO] [stdout] error[E0412]: cannot find type `Uint8ClampedArray` in this scope
[INFO] [stdout]     --> /opt/rustwide/cargo-home/registry/src/github.com-1ecc6299db9ec823/js-sys-0.3.24/src/lib.rs:4614:5
[INFO] [stdout]      |
[INFO] [stdout] 4614 |     Uint8ClampedArray: u8,
[INFO] [stdout]      |     ^^^^^^^^^^^^^^^^^ not found in this scope
[INFO] [stdout] 
[INFO] [stdout] 
[INFO] [stdout] error[E0412]: cannot find type `Uint16Array` in this scope
[INFO] [stdout]     --> /opt/rustwide/cargo-home/registry/src/github.com-1ecc6299db9ec823/js-sys-0.3.24/src/lib.rs:4618:5
[INFO] [stdout]      |
[INFO] [stdout] 4618 |     Uint16Array: u16,
[INFO] [stdout]      |     ^^^^^^^^^^^ not found in this scope
[INFO] [stdout] 
[INFO] [stdout] 
[INFO] [stdout] error[E0412]: cannot find type `Uint32Array` in this scope
[INFO] [stdout]     --> /opt/rustwide/cargo-home/registry/src/github.com-1ecc6299db9ec823/js-sys-0.3.24/src/lib.rs:4622:5
[INFO] [stdout]      |
[INFO] [stdout] 4622 |     Uint32Array: u32,
[INFO] [stdout]      |     ^^^^^^^^^^^ not found in this scope
[INFO] [stdout] 
[INFO] [stdout] 
[INFO] [stdout] error[E0412]: cannot find type `Float32Array` in this scope
[INFO] [stdout]     --> /opt/rustwide/cargo-home/registry/src/github.com-1ecc6299db9ec823/js-sys-0.3.24/src/lib.rs:4626:5
[INFO] [stdout]      |
[INFO] [stdout] 4626 |     Float32Array: f32,
[INFO] [stdout]      |     ^^^^^^^^^^^^ not found in this scope
[INFO] [stdout] 
[INFO] [stdout] 
[INFO] [stdout] error[E0412]: cannot find type `Float64Array` in this scope
[INFO] [stdout]     --> /opt/rustwide/cargo-home/registry/src/github.com-1ecc6299db9ec823/js-sys-0.3.24/src/lib.rs:4630:5
[INFO] [stdout]      |
[INFO] [stdout] 4630 |     Float64Array: f64,
[INFO] [stdout]      |     ^^^^^^^^^^^^ not found in this scope
[INFO] [stdout] 
[INFO] [stdout] 
[INFO] [stdout] error: aborting due to 34 previous errors
[INFO] [stdout] 
[INFO] [stdout] 
[INFO] [stdout] Some errors have detailed explanations: E0412, E0433.
[INFO] [stdout] 
[INFO] [stdout] For more information about an error, try `rustc --explain E0412`.
[INFO] [stdout] 
[INFO] [stderr] error: could not compile `js-sys`.
[INFO] [stderr] 
[INFO] [stderr] To learn more, run the command again with --verbose.
[INFO] running `Command { std: "docker" "inspect" "61bcb7ca1c70242537031b0a1ae9ba6b42ad26eeba5da13aa1ead8577986a805", kill_on_drop: false }`
[INFO] running `Command { std: "docker" "rm" "-f" "61bcb7ca1c70242537031b0a1ae9ba6b42ad26eeba5da13aa1ead8577986a805", kill_on_drop: false }`
[INFO] [stdout] 61bcb7ca1c70242537031b0a1ae9ba6b42ad26eeba5da13aa1ead8577986a805
